t be (-536)/28 - 1/(-7). Let p = -10 - t. Let o(m) = 2*m - 7. What is the units digit of o(p)?
1
Suppose -5*k + 2*d - 6 = 0, -d + 4*d = -4*k - 14. Let j(x) = -3*x - 1. Let b be j(k). Suppose c = -b + 21. What is the units digit of c?
6
Let m = 37 - 39. What is the tens digit of 2 + (-5 - m) + (1 - -43)?
4
What is the hundreds digit of (-80 + 85)*(-9866)/(-10)?
9
Suppose 2*r - 96 = 3*u + u, -u + 2*r - 30 = 0. Let y be (1 - 2 - 0)*u. Suppose t = -t + y. What is the units digit of t?
1
Let a = -94 + -6. Let p = a + 148. What is the units digit of p?
8
Let i(z) = -4*z + 0*z + 338 + 6*z + 3*z. What is the tens digit of i(0)?
3
Suppose 25*s - 355 = 20*s. Let m = -112 + 66. Let a = s + m. What is the tens digit of a?
2
Let f = 18 + 903. What is the hundreds digit of f?
9
Suppose 66 = 5*j - i - 17, 0 = 3*j - 3*i - 57. What is the units digit of j?
6
Suppose 3*o - 15 = -2*v, -o + 3*v + 4 = -1. Suppose -5*f + 5 = -o. Suppose -3*u = -2*c - 115, -3*u - f*c + 7*c + 130 = 0. What is the tens digit of u?
3
Let z(j) = 47*j + 3. Let v = 40 - 39. What is the units digit of z(v)?
0
Let d(r) = r**3 + 30*r**2 - 31*r - 21. What is the units digit of d(-30)?
9
What is the tens digit of ((0 - 0) + -609)*(-156)/117?
1
Let o be 92*(-1)/(-2)*6 - -2. Let s = o - 180. What is the tens digit of s?
9
Suppose -4*w + 140 = 5*j, -w + 4*j + 21 = -14. Let c = w + -8. What is the units digit of c?
7
Suppose 28 = 4*g + 3*g. Suppose 2*u = g, -u = -w + 9 + 19. What is the units digit of w?
0
Let c = -91 + 232. Let g = c + -67. What is the units digit of g?
4
Let m(h) = 11*h - 4*h - 72 + 2*h**2 - 2*h. What is the tens digit of m(12)?
7
Let g(z) = 235*z**2 - z + 2. Let m be g(2). Suppose 5*q + 8*j - 931 = 4*j, -5*q + m = -5*j. What is the units digit of q?
7
Let w(n) be the second derivative of 7*n**3/6 + 7*n**2/2 - 31*n. What is the units digit of w(8)?
3
Let f = 62 - -73. What is the units digit of f?
5
Let j(p) = -9 - 3 - 2 + 15 + 50*p**3. Suppose 1 = -3*r + 4. What is the units digit of j(r)?
1
Let y(m) be the second derivative of -m**5/20 + 3*m**4/4 + 11*m**3/6 + 5*m**2/2 + 24*m. What is the hundreds digit of y(8)?
1
Let t(s) = 13*s**2 - 3*s + 33. Suppose 3*c + j = 16, -j + 12 = c + j. What is the hundreds digit of t(c)?
2
Let o(h) = -5*h - 6*h + 0*h + 4 + 7. What is the tens digit of o(-4)?
5
Suppose 4*d - 73 + 597 = 0. What is the units digit of d/(-2) - (-6)/12?
6
Suppose 0 = 5*n - 3*c + 83 + 373, 5*n + 462 = c. What is the units digit of (-1 + n/(-9))*3/2?
4
Let a(i) = 6*i - 2*i + 6*i - 2*i + 12. What is the units digit of a(6)?
0
Let t = 1215 + -1193. What is the tens digit of t?
2
Let p be 2 - ((-12)/(-5) - 9/(-15)). What is the hundreds digit of (3 - (p + -2))/((-8)/(-220))?
1
Let o(l) = l**3 - 4*l**2 + 2*l + 1617. What is the thousands digit of o(0)?
1
Let d = 9 - -2. Let c be 3/(-4) + d/4. Suppose 0 = -c*r + 3*r - 24. What is the tens digit of r?
2
Let k be 1/((6/30)/1). Suppose -9 = -z - 2*z. Suppose 0 = 3*c - 3*d - 45, -z*c + k*d - d + 41 = 0. What is the units digit of c?
9
Suppose -z = 3*y - 4*z - 1239, 0 = -5*y + 3*z + 2067. What is the hundreds digit of y?
4
Suppose 2*t - 2*u - 5 = 17, 0 = 3*t + 3*u - 33. Suppose -3*y - 51 = 3*l, 0 = -l - 2*y - t - 9. Let b = l + 51. What is the tens digit of b?
3
Let m = -36 + 41. Suppose m*w + 3*n - 1018 = 0, -2*n + 224 = -5*w + 1262. What is the hundreds digit of w?
2
Let l(c) = -86*c + 18. What is the units digit of l(-7)?
0
Suppose -2275 - 573 = -4*s. What is the units digit of s?
2
Suppose -10*z = -5*z - 50. Suppose -z*f + 516 = -8*f. What is the hundreds digit of f?
2
Suppose 0 = f + 8 - 22. Let r = 13 - f. What is the tens digit of 0*r/(-4) + 32?
3
Suppose -8*z = 32*z - 4800. What is the tens digit of z?
2
Suppose -4 = 4*o + f + 3*f, 5*f = 4*o - 23. Suppose 5*p - 17 - 4 = -2*r, -2*p + o*r = 0. Suppose p*z - 220 = -5*y, 0 = -z - 4 - 1. What is the units digit of y?
7
Let c = 150 - 95. Suppose 35 = k - 3*h, -3*k - 5*h + c + 22 = 0. What is the tens digit of k?
2
Let i(z) be the first derivative of -z**4 + z**3/3 - 3*z**2/2 - 2*z - 11. What is the tens digit of i(-2)?
4
Suppose 3*u = -4*y + 1, 6 - 25 = -3*u + 5*y. Suppose 3*g + 9 = -u. What is the tens digit of g - (30/(-1) - 2)?
2
Let f = 1686 + -199. What is the hundreds digit of f?
4
Let s = 51 + -21. Let u = -48 + s. Let c = u + 36. What is the units digit of c?
8
Suppose -37 + 9 = -2*t + 3*m, t - 4*m - 9 = 0. Suppose -4*v = o + 2*o, -t = -v - 5*o. What is the tens digit of -84*(v + (-24)/(-9))?
2
Suppose 4*m - 5*b = 1591 + 646, 2*m - 2*b - 1118 = 0. What is the tens digit of m?
5
Let g = 457 + -421. What is the units digit of g?
6
Suppose -13034 - 27266 = -31*d. What is the hundreds digit of d?
3
Let r be 29/5 + ((-1)/(-5) - 0). Suppose -r*l + 445 = -167. What is the hundreds digit of l?
1
Let s(y) = 213*y - 167. What is the tens digit of s(20)?
9
Let t(l) = -2*l**2 + 20*l + 30. Let i be t(17). Let n = -105 - i. What is the hundreds digit of n?
1
Let j = 31 - 39. Let s = 62 + j. What is the tens digit of s?
5
Let v = -1 + 33. Let l = 68 + v. Suppose -4*q + 4*w + l = 0, 0 = -0*q - 4*q + 3*w + 95. What is the tens digit of q?
2
Let k = 59 + -25. Suppose 5*j = 122 + 73. Let p = j - k. What is the units digit of p?
5
Let j(g) = -6*g**2 + 4*g - 7. Let f(a) = 12*a**2 - 7*a + 15. Let h(u) = -2*f(u) - 5*j(u). What is the units digit of h(3)?
1
Suppose 0 = -41*q + 42211 + 77427. What is the hundreds digit of q?
9
Let v = -3 - 1. Let f(j) = -j**2 - 6*j - 8. Let w be f(v). Suppose w*o + 15 = 2*c + o, -35 = -3*c - 4*o. What is the units digit of c?
5
Let z be ((-2)/(-5))/(1/(-5)). Let x = z - -10. Let b(a) = 3*a - 10. What is the tens digit of b(x)?
1
Let n(v) = 7*v - 8. Let l = -34 + 41. What is the units digit of n(l)?
1
What is the tens digit of (-2)/1*(-6 - -1)?
1
Let w be (2 + (-32)/12)*-3. Let u be 21/(-1 - w) + 2. Let b(n) = -n**3 - 5*n**2 - 5*n + 1. What is the tens digit of b(u)?
2
Suppose 4*c = 6*w - 2*w - 88, 2*c = -4*w + 112. Let o be w/195 + (-4)/30. Suppose t - 4*a = 36, -5*a = 5 - o. What is the units digit of t?
2
Suppose -2*m - 3*m + 15 = 0. Suppose 2*h + 4*v = -m*h + 344, 137 = 2*h + v. What is the units digit of h?
8
Let w = 43 - 40. Suppose -w*h - 10 + 1 = 0, 2*h + 576 = 3*f. What is the units digit of f?
0
Let r = 115 - 55. Suppose l - 121 = r. What is the hundreds digit of l?
1
Let m(z) = 2*z**2 - z - 8. Suppose w = 2*l + 62, 2*l - 5*l = -3*w + 90. Let v be (2/(-4))/(4/l). What is the tens digit of m(v)?
2
Suppose -7*z + 5 = -6*z. What is the units digit of 3*(-4)/(-6) - (-8 - z)?
5
What is the hundreds digit of 12717/23 + (-4)/(-46)?
5
Suppose -2*l = 3*u - 4, 6*u + 20 = 2*l + u. Suppose -l*v + 460 = 15. What is the tens digit of v?
8
Suppose j + 4*b = 138, -4*j - b + 573 = -6*b. What is the units digit of j?
2
Let f(d) = d**3 - 14*d**2 + 14*d - 10. Let n be f(13). Suppose 3*p - 288 = n*s, 5*s - 710 = -5*p - 250. What is the tens digit of p?
9
Suppose b - j - 4897 = 0, -209*j - 4877 = -b - 212*j. What is the tens digit of b?
9
Let f(n) = -2*n**3 - n**2 - 4*n - 3. Let u be f(-1). Suppose -25 = -0*t + 5*t. What is the tens digit of (t + 4)/(u/(-36))?
1
Let n(j) = 4*j**2 + j + j**2 - j. Let u be n(1). Let q = u + 26. What is the tens digit of q?
3
Let n(o) be the second derivative of -o**4/12 + 13*o**3/6 + 12*o**2 - 264*o. Suppose 0 = 5*d + 3*f - 46, -d - 3*f + 2 = -0. What is the units digit of n(d)?
6
Let m be (-4 + 8)*3/2. Let g be -1 + -1 + m + -3. What is the tens digit of g*(0 - 39)/(-3)?
1
Let x(i) = 60*i**3 - 3*i**2 + 3*i - 3. Let l be x(2). Suppose -j = -0*d - d + 118, 0 = -4*d + 3*j + l. What is the tens digit of d?
1
Let i = 41 - 42. What is the tens digit of ((-68)/(-3))/i*6/(-4)?
3
Let g(a) = -22*a**3 - 2*a - 1. Suppose q = -2*x - 0*q - 1, 3*x = 2*q + 2. Let b be x + (4/1)/(-4). What is the units digit of g(b)?
3
Let i = 325 + 381. What is the hundreds digit of i?
7
Let y(n) = 16*n**3 + 16*n**2 - 161*n - 136. Let k(g) = 3*g**3 + 3*g**2 - 32*g - 27. Let m(w) = -11*k(w) + 2*y(w). What is the units digit of m(-8)?
3
Suppose 0 = 2*d - 547 - 373. What is the tens digit of d?
6
Suppose c - 3*c = -4*i + 28, -21 = -3*i + 4*c. Suppose 12 - i = -g. Let s(j) = -j**3 - 4*j**2 - 4*j - 9. What is the tens digit of s(g)?
3
Let z(u) = u**2 - 3*u - 4. Let r be z(4